{"id":1092,"date":"2021-02-10T19:04:05","date_gmt":"2021-02-10T18:04:05","guid":{"rendered":"http:\/\/oser-psychopedagogie01.fr\/web\/?page_id=1092"},"modified":"2025-09-23T11:23:05","modified_gmt":"2025-09-23T09:23:05","slug":"mentions-legales-et-politique-de-confidentialite","status":"publish","type":"page","link":"https:\/\/dorothee-soler.fr\/web\/mentions-legales-et-politique-de-confidentialite\/","title":{"rendered":"Mentions L\u00e9gales et Politique de Confidentialit\u00e9"},"content":{"rendered":"\n<h3 class=\"wp-block-heading\">Qui sommes-nous&nbsp;?<\/h3>\n\n\n\n<p>L\u2019adresse du site est&nbsp;: <a href=\"https:\/\/dorothee-soler.fr\">https:\/\/dorothee-soler.fr<\/a><\/p>\n\n\n\n<p><em>Propri\u00e9taire et responsable de publication :<\/em><\/p>\n\n\n\n<ul class=\"wp-block-list\">\n<li>Doroth\u00e9e SOLER \u2013 O.S.E.R.  \u2013<\/li>\n\n\n\n<li>292 chemin du Bois d&rsquo;Amont \u2013 01370 MEILLONNAS \u2013<\/li>\n\n\n\n<li>E-mail : dorotheesoler@gmail.com<\/li>\n\n\n\n<li>Entreprise Individuelle \u2013 num\u00e9ro siret : 831710496 00033<\/li>\n<\/ul>\n\n\n\n<p><em>H\u00e9bergeur du site :<\/em><\/p>\n\n\n\n<p>SAS OVH \u2013 <a rel=\"noreferrer noopener\" target=\"_blank\" href=\"https:\/\/www.ovh.com\/\">https:\/\/www.ovh.com\/<\/a><br>2 rue Kellermann<br>BP 80157<br>59100 Roubaix<\/p>\n\n\n\n<p class=\"has-text-align-center has-medium-font-size\"><strong>POLITIQUE DE CONFIDENTIALIT\u00c9 DU SITE :<br>Doroth\u00e9e SOLER <\/strong><\/p>\n\n\n\n<p class=\"has-text-align-center has-medium-font-size\"><strong>ARTICLE 1 &#8211; PR\u00c9AMBULE<\/strong><\/p>\n\n\n\n<p>Cette politique de confidentialit\u00e9 s&rsquo;applique au site <strong>Doroth\u00e9e SOLER <\/strong><br>La pr\u00e9sente politique de confidentialit\u00e9 a pour but d&rsquo;exposer aux utilisateurs du site la mani\u00e8re dont sont collect\u00e9es et trait\u00e9es leurs donn\u00e9es \u00e0 caract\u00e8re personnel. <\/p>\n\n\n\n<p>Doivent \u00eatre consid\u00e9r\u00e9es comme donn\u00e9es personnelles toutes les donn\u00e9es \u00e9tant susceptibles d&rsquo;identifier un utilisateur. Il s&rsquo;agit notamment du pr\u00e9nom et du nom, de l&rsquo;\u00e2ge, de l&rsquo;adresse postale, l&rsquo;adresse mail, la localisation de l&rsquo;utilisateur ou encore son adresse IP.<\/p>\n\n\n\n<ul class=\"wp-block-list\">\n<li>Quels sont les droits des utilisateurs concernant ces donn\u00e9es ?<\/li>\n\n\n\n<li>Qui est responsable du traitement des donn\u00e9es \u00e0 caract\u00e8re personnel collect\u00e9es et trait\u00e9es ?<\/li>\n\n\n\n<li>A qui ces donn\u00e9es sont transmises ?<\/li>\n\n\n\n<li>Quelle est la politique du site en mati\u00e8re de fichiers \u00ab\u00a0cookies\u00a0\u00bb ?<\/li>\n<\/ul>\n\n\n\n<p><strong>ARTICLE 2 &#8211; PRINCIPES G\u00c9N\u00c9RAUX EN MATI\u00c8RE DE COLLECTE ET DE TRAITEMENT DE DONN\u00c9ES<\/strong><\/p>\n\n\n\n<p>Conform\u00e9ment aux dispositions de l&rsquo;article 5 du R\u00e8glement europ\u00e9en 2016\/679, la collecte et le traitement des donn\u00e9es des utilisateurs du site respectent les principes suivants :<\/p>\n\n\n\n<p><strong><em>Lic\u00e9it\u00e9, loyaut\u00e9 et transparence<\/em> :<\/strong> les donn\u00e9es ne peuvent \u00eatre collect\u00e9es et trait\u00e9es qu&rsquo;avec le consentement de l&rsquo;utilisateur propri\u00e9taire des donn\u00e9es. A chaque fois que des donn\u00e9es \u00e0 caract\u00e8re personnel seront collect\u00e9es, il sera indiqu\u00e9 \u00e0 l&rsquo;utilisateur que ses donn\u00e9es sont collect\u00e9es, et pour quelles raisons ses donn\u00e9es sont collect\u00e9es.<\/p>\n\n\n\n<p><strong><em>Finalit\u00e9s limit\u00e9es<\/em> :<\/strong> la collecte et le traitement des donn\u00e9es sont ex\u00e9cut\u00e9s pour r\u00e9pondre \u00e0 un ou plusieurs objectifs d\u00e9termin\u00e9s dans les pr\u00e9sentes conditions g\u00e9n\u00e9rales d&rsquo;utilisation.<\/p>\n\n\n\n<p><strong><em>Minimisation de la collecte et du traitement des donn\u00e9es<\/em> :<\/strong> seules les donn\u00e9es n\u00e9cessaires \u00e0 la bonne ex\u00e9cution des objectifs poursuivis par le site sont collect\u00e9es.<\/p>\n\n\n\n<p><strong><em>Conservation des donn\u00e9es r\u00e9duites dans le temps<\/em> :<\/strong> les donn\u00e9es sont conserv\u00e9es pour une dur\u00e9e limit\u00e9e, dont l&rsquo;utilisateur est inform\u00e9. Lorsque cette information ne peut pas \u00eatre communiqu\u00e9e, l&rsquo;utilisateur est inform\u00e9 des crit\u00e8res utilis\u00e9s pour d\u00e9terminer la dur\u00e9e de conservation.<\/p>\n\n\n\n<p><strong><em>Int\u00e9grit\u00e9 et confidentialit\u00e9 des donn\u00e9es collect\u00e9es et trait\u00e9es<\/em> :<\/strong> le responsable du traitement des donn\u00e9es s&rsquo;engage \u00e0 garantir l&rsquo;int\u00e9grit\u00e9 et la confidentialit\u00e9 des donn\u00e9es collect\u00e9es.<\/p>\n\n\n\n<p>Afin d&rsquo;\u00eatre licites, et ce conform\u00e9ment aux exigences de l&rsquo;article 6 du r\u00e8glement europ\u00e9en 2016\/679, la collecte et le traitement des donn\u00e9es \u00e0 caract\u00e8re personnel ne pourront intervenir que s&rsquo;ils respectent au moins l&rsquo;une des conditions ci-apr\u00e8s \u00e9num\u00e9r\u00e9es :<\/p>\n\n\n\n<ul class=\"wp-block-list\">\n<li>L&rsquo;utilisateur a express\u00e9ment consenti au traitement.<\/li>\n\n\n\n<li>Le traitement est n\u00e9cessaire \u00e0 la bonne ex\u00e9cution d&rsquo;un contrat.<\/li>\n\n\n\n<li>Le traitement r\u00e9pond \u00e0 une obligation l\u00e9gale.<\/li>\n\n\n\n<li>Le traitement s&rsquo;explique par une n\u00e9cessit\u00e9 li\u00e9e \u00e0 la sauvegarde des int\u00e9r\u00eats vitaux de la personne concern\u00e9e ou d&rsquo;une autre personne physique.<\/li>\n\n\n\n<li>Le traitement peut s&rsquo;expliquer par une n\u00e9cessit\u00e9 li\u00e9e \u00e0 l&rsquo;ex\u00e9cution d&rsquo;une mission d&rsquo;int\u00e9r\u00eat public ou qui rel\u00e8ve de l&rsquo;exercice de l&rsquo;autorit\u00e9 publique.<\/li>\n\n\n\n<li>Le traitement et la collecte des donn\u00e9es \u00e0 caract\u00e8re personnel sont n\u00e9cessaires aux fins des int\u00e9r\u00eats l\u00e9gitimes et priv\u00e9s poursuivis par le responsable du traitement ou par un tiers.<\/li>\n<\/ul>\n\n\n\n<p><strong>ARTICLE 3 &#8211; DONN\u00c9ES \u00c0 CARACT\u00c8RE PERSONNEL COLLECT\u00c9ES ET TRAIT\u00c9ES DANS LE CADRE DE LA NAVIGATION SUR LE SITE<\/strong><\/p>\n\n\n\n<p>A. DONN\u00c9ES COLLECT\u00c9ES ET TRAIT\u00c9ES ET MODE DE COLLECTE<\/p>\n\n\n\n<p>Les donn\u00e9es \u00e0 caract\u00e8re personnel collect\u00e9es sur le site <strong>Doroth\u00e9e SOLER <\/strong>sont les suivantes : <\/p>\n\n\n\n<p><strong><em>nom, pr\u00e9nom, adresse e-mail<\/em><\/strong>.<\/p>\n\n\n\n<p>Ces donn\u00e9es sont collect\u00e9es lorsque l&rsquo;utilisateur effectue l&rsquo;une des op\u00e9rations suivantes sur le site :<\/p>\n\n\n\n<ul class=\"wp-block-list\">\n<li><em>lorsque l&rsquo;utilisateur utilise le formulaire de contact<\/em><\/li>\n\n\n\n<li><em><em>lorsque l&rsquo;utilisateur utilise le formulaire de<\/em> commentaire<\/em><\/li>\n\n\n\n<li><em>lorsque l&rsquo;utilisateur s&rsquo;inscrit \u00e0 la newsletter<\/em><\/li>\n<\/ul>\n\n\n\n<p>Le responsable du traitement conservera dans ses syst\u00e8mes informatiques du site et dans des conditions raisonnables de s\u00e9curit\u00e9 l&rsquo;ensemble des donn\u00e9es collect\u00e9es pour une dur\u00e9e de 13 mois.<\/p>\n\n\n\n<p>La collecte et le traitement des donn\u00e9es r\u00e9pondent aux finalit\u00e9s suivantes :<\/p>\n\n\n\n<ul class=\"wp-block-list\">\n<li><em>r\u00e9pondre au formulaire de contact<\/em><\/li>\n\n\n\n<li><em>fournir des informations sur l&rsquo;activit\u00e9 du site via la newsletter<\/em><\/li>\n<\/ul>\n\n\n\n<p>Les traitements de donn\u00e9es effectu\u00e9s sont fond\u00e9s sur les bases l\u00e9gales suivantes  :<\/p>\n\n\n\n<ul class=\"wp-block-list\">\n<li>Consentement de l&rsquo;utilisateur<\/li>\n\n\n\n<li>Obligation l\u00e9gale<\/li>\n<\/ul>\n\n\n\n<p>B. TRANSMISSION DES DONN\u00c9ES A DES TIERS<\/p>\n\n\n\n<p>Les donn\u00e9es \u00e0 caract\u00e8re personnel collect\u00e9es par le site ne sont transmises \u00e0 aucun tiers, et ne sont trait\u00e9es que par l&rsquo;\u00e9diteur du site.<\/p>\n\n\n\n<p>C. H\u00c9BERGEMENT DES DONN\u00c9ES<\/p>\n\n\n\n<p>Le site <strong>Doroth\u00e9e SOLER<\/strong> est h\u00e9berg\u00e9 par SAS OVH, dont le si\u00e8ge est situ\u00e9 \u00e0 l&rsquo;adresse ci-apr\u00e8s :<br>2, rue Kellermann, 59100 Roubaix.<br>L&rsquo;h\u00e9bergeur peut \u00eatre contact\u00e9 au num\u00e9ro de t\u00e9l\u00e9phone suivant 05 22 26 00 86.<br>Les donn\u00e9es collect\u00e9es et trait\u00e9es par le site sont exclusivement h\u00e9berg\u00e9es et trait\u00e9es en France.<\/p>\n\n\n\n<p><strong>ARTICLE 4 &#8211; RESPONSABLE DU TRAITEMENT DES DONN\u00c9ES<\/strong><\/p>\n\n\n\n<p>A. LE RESPONSABLE DU TRAITEMENT DES DONN\u00c9ES<\/p>\n\n\n\n<p>Le responsable du traitement des donn\u00e9es \u00e0 caract\u00e8re personnel est Doroth\u00e9e SOLER. <br>Le responsable du traitement des donn\u00e9es peut \u00eatre contact\u00e9 par mail dorotheesoler@gmail.com, de 9h \u00e0 18h, du lundi au vendredi.<br>Le responsable du traitement des donn\u00e9es est charg\u00e9 de d\u00e9terminer les finalit\u00e9s et les moyens mis au service du traitement des donn\u00e9es \u00e0 caract\u00e8re personnel.<\/p>\n\n\n\n<p>B. OBLIGATIONS DU RESPONSABLE DU TRAITEMENT DES DONN\u00c9ES<\/p>\n\n\n\n<p>Le responsable du traitement s&rsquo;engage \u00e0 prot\u00e9ger les donn\u00e9es \u00e0 caract\u00e8re personnel collect\u00e9es, \u00e0 ne pas les transmettre \u00e0 des tiers sans que l&rsquo;utilisateur n&rsquo;en ait \u00e9t\u00e9 inform\u00e9 et \u00e0 respecter les finalit\u00e9s pour lesquelles ces donn\u00e9es ont \u00e9t\u00e9 collect\u00e9es.<\/p>\n\n\n\n<p>De plus, le responsable du traitement des donn\u00e9es s&rsquo;engage \u00e0 notifier l&rsquo;utilisateur en cas de rectification ou de suppression des donn\u00e9es, \u00e0 moins que cela n&rsquo;entra\u00eene pour lui des formalit\u00e9s, co\u00fbts et d\u00e9marches disproportionn\u00e9s.<\/p>\n\n\n\n<p>Dans le cas o\u00f9 l&rsquo;int\u00e9grit\u00e9, la confidentialit\u00e9 ou la s\u00e9curit\u00e9 des donn\u00e9es \u00e0 caract\u00e8re personnel de l&rsquo;utilisateur est compromise, le responsable du traitement s&rsquo;engage \u00e0 informer l&rsquo;utilisateur par tout moyen.<\/p>\n\n\n\n<p><strong>ARTICLE 5 &#8211; DROITS DE L&rsquo;UTILISATEUR<\/strong><\/p>\n\n\n\n<p>Conform\u00e9ment \u00e0 la r\u00e9glementation concernant le traitement des donn\u00e9es \u00e0 caract\u00e8re personnel, l&rsquo;utilisateur poss\u00e8de les droits ci-apr\u00e8s \u00e9num\u00e9r\u00e9s.<br>Afin que le responsable du traitement des donn\u00e9es fasse droit \u00e0 sa demande, l&rsquo;utilisateur est tenu de lui communiquer ses pr\u00e9nom et nom ainsi que son adresse e-mail, et si cela est pertinent, son num\u00e9ro de compte ou d&rsquo;espace personnel ou d&rsquo;abonn\u00e9.<br>Le responsable du traitement des donn\u00e9es est tenu de r\u00e9pondre \u00e0 l&rsquo;utilisateur dans un d\u00e9lai de 30 (trente) jours maximum.<\/p>\n\n\n\n<p><em>A. PR\u00c9SENTATION DES DROITS DE L&rsquo;UTILISATEUR EN MATI\u00c8RE DE COLLECTE ET TRAITEMENT DE DONN\u00c9ES<\/em><\/p>\n\n\n\n<p><strong><em>a. Droit d&rsquo;acc\u00e8s, de rectification et droit \u00e0 l&rsquo;effacement<\/em><\/strong><br>* L&rsquo;utilisateur peut prendre connaissance, mettre \u00e0 jour, modifier ou demander la suppression des donn\u00e9es le concernant, en respectant la proc\u00e9dure ci-apr\u00e8s \u00e9nonc\u00e9e :<br>L&rsquo;utilisateur doit envoyer un e-mail au responsable du traitement des donn\u00e9es personnelles, en pr\u00e9cisant l&rsquo;objet de sa demande, \u00e0 l&rsquo;adresse e-mail de contact.<br>*S&rsquo;il en poss\u00e8de un, l&rsquo;utilisateur a le droit de demander la suppression de son espace personnel en suivant la proc\u00e9dure suivante :<br>L&rsquo;utilisateur doit envoyer un e-mail au responsable du traitement en pr\u00e9cisant son num\u00e9ro d&rsquo;espace personnel. La demande sera trait\u00e9e dans un d\u00e9lai de 10 jours ouvr\u00e9s.<br><strong><em>b. Droit \u00e0 la limitation et \u00e0 l&rsquo;opposition du traitement des donn\u00e9es<\/em><\/strong><br>L&rsquo;utilisateur a le droit de demander la limitation ou de s&rsquo;opposer au traitement de ses donn\u00e9es par le site, sans que le site ne puisse refuser, sauf \u00e0 d\u00e9montrer l&rsquo;existence de motifs l\u00e9gitimes et imp\u00e9rieux, pouvant pr\u00e9valoir sur les int\u00e9r\u00eats et les droits et libert\u00e9s de l&rsquo;utilisateur.<br>Afin de demander la limitation du traitement de ses donn\u00e9es ou de formuler une opposition au traitement de ses donn\u00e9es, l&rsquo;utilisateur doit suivre la proc\u00e9dure suivante :<br>L&rsquo;utilisateur doit faire une demande de limitation au traitement de ses donn\u00e9es personnelles par e-mail aupr\u00e8s du responsable du traitement des donn\u00e9es.<br><strong><em>c. Droit de ne pas faire l&rsquo;objet d&rsquo;une d\u00e9cision fond\u00e9e exclusivement sur un proc\u00e9d\u00e9 automatis\u00e9<\/em><\/strong><br>Conform\u00e9ment aux dispositions du r\u00e8glement 2016\/679, l&rsquo;utilisateur a le droit de ne pas faire l&rsquo;objet d&rsquo;une d\u00e9cision fond\u00e9e exclusivement sur un proc\u00e9d\u00e9 automatis\u00e9 si la d\u00e9cision produit des effets juridiques le concernant, ou l&rsquo;affecte de mani\u00e8re significative de fa\u00e7on similaire.<br><strong><em>d. Droit de d\u00e9terminer le sort des donn\u00e9es apr\u00e8s la mort<\/em><\/strong><br>Il est rappel\u00e9 \u00e0 l&rsquo;utilisateur qu&rsquo;il peut organiser quel doit \u00eatre le devenir de ses donn\u00e9es collect\u00e9es et trait\u00e9es s&rsquo;il d\u00e9c\u00e8de, conform\u00e9ment \u00e0 la loi n\u00b02016-1321 du 7 octobre 2016.<br><strong><em>e. Droit de saisir l&rsquo;autorit\u00e9 de contr\u00f4le comp\u00e9tente<\/em><\/strong><br>Dans le cas o\u00f9 le responsable du traitement des donn\u00e9es d\u00e9cide de ne pas r\u00e9pondre \u00e0 la demande de l&rsquo;utilisateur, et que l&rsquo;utilisateur souhaite contester cette d\u00e9cision, ou, s&rsquo;il pense qu&rsquo;il est port\u00e9 atteinte \u00e0 l&rsquo;un des droits \u00e9num\u00e9r\u00e9s ci-dessus, il est en droit de saisir la CNIL (Commission Nationale de l&rsquo;Informatique et des Libert\u00e9s, <a rel=\"noreferrer noopener\" href=\"https:\/\/www.cnil.fr\" target=\"_blank\">https:\/\/www.cnil.fr<\/a>) ou tout juge comp\u00e9tent.<\/p>\n\n\n\n<p><em>B. DONN\u00c9ES PERSONNELLES DES PERSONNES MINEURES<\/em><\/p>\n\n\n\n<p>Conform\u00e9ment aux dispositions de l&rsquo;article 8 du r\u00e8glement europ\u00e9en 2016\/679 et \u00e0 la loi Informatique et Libert\u00e9s, seuls les mineurs \u00e2g\u00e9s de 15 ans ou plus peuvent consentir au traitement de leurs donn\u00e9es personnelles.<br>Si l&rsquo;utilisateur est un mineur de moins de 15 ans, l&rsquo;accord d&rsquo;un repr\u00e9sentant l\u00e9gal sera requis afin que des donn\u00e9es \u00e0 caract\u00e8re personnel puissent \u00eatre collect\u00e9es et trait\u00e9es.<br>L&rsquo;\u00e9diteur du site se r\u00e9serve le droit de v\u00e9rifier par tout moyen que l&rsquo;utilisateur est \u00e2g\u00e9 de plus de 15 ans, ou qu&rsquo;il aura obtenu l&rsquo;accord d&rsquo;un repr\u00e9sentant l\u00e9gal avant de naviguer sur le site.<\/p>\n\n\n\n<p><strong>ARTICLE 6 &#8211; CONDITION DE GESTION DES COOKIES<\/strong><\/p>\n\n\n\n<p>Les cookies strictement n\u00e9cessaires fournissent les services que vous avez express\u00e9ment demand\u00e9s sur notre site web, et ils sont essentiels pour vous permettre de naviguer sur notre site et d&rsquo;utiliser ses fonctionnalit\u00e9s.<\/p>\n\n\n\n<p>Les cookies vous permettent de profiter de certaines fonctionnalit\u00e9s essentielles de notre site, et nous vous recommandons de ne pas les d\u00e9sactiver. Veuillez noter que si vous d\u00e9sactivez ou supprimez certains cookies, notre site ne fonctionnera pas correctement.<\/p>\n\n\n\n<p>Le menu d&rsquo;aide dans la barre de menu de la plupart des navigateurs vous indiquera comment activer les cookies ou emp\u00eacher votre navigateur d&rsquo;accepter de nouveaux cookies, comment faire pour que le navigateur vous avertisse si vous recevez un nouveau cookie et comment d\u00e9sactiver tous les cookies. Vous pouvez \u00e9galement d\u00e9sactiver ou supprimer des donn\u00e9es similaires utilis\u00e9es par les modules compl\u00e9mentaires de votre navigateur, telles que les cookies Flash, en modifiant les param\u00e8tres du module compl\u00e9mentaire ou en visitant le site web de son concepteur.<\/p>\n\n\n\n<p>Si vous voulez en savoir plus sur les cookies tiers et \u00e9ventuellement les d\u00e9sactiver, consultez les sites web www.allaboutcookies.org et www.youronlinechoices.eu.<\/p>\n\n\n\n<p><strong>ARTICLE 7 &#8211; PROPRI\u00c9T\u00c9 INTELLECTUELLE<\/strong><\/p>\n\n\n\n<p>Tout le contenu du pr\u00e9sent site <a href=\"https:\/\/dorothee-soler.fr\">https:\/\/dorothee-soler.fr<\/a>, incluant, de fa\u00e7on non limitative, les graphismes, images, textes, vid\u00e9os, animations, sons, logos, gifs et ic\u00f4nes ainsi que leur mise en forme sont la propri\u00e9t\u00e9 exclusive de la soci\u00e9t\u00e9 \u00e0 l\u2019exception des marques, logos ou contenus appartenant \u00e0 d\u2019autres soci\u00e9t\u00e9s partenaires ou auteurs.<\/p>\n\n\n\n<p>Toute reproduction, distribution, modification, adaptation, retransmission ou publication, m\u00eame partielle, de ces diff\u00e9rents \u00e9l\u00e9ments est strictement interdite sans l\u2019accord expr\u00e8s par \u00e9crit de <strong>Doroth\u00e9e SOLE<\/strong>R. Cette repr\u00e9sentation ou reproduction, par quelque proc\u00e9d\u00e9 que ce soit, constitue une contrefa\u00e7on sanctionn\u00e9e par les articles L.335-2 et suivants du Code de la propri\u00e9t\u00e9 intellectuelle. Le non-respect de cette interdiction constitue une contrefa\u00e7on pouvant engager la responsabilit\u00e9 civile et p\u00e9nale du contrefacteur. En outre, les propri\u00e9taires des contenus copi\u00e9s pourraient intenter une action en justice \u00e0 votre encontre.<\/p>\n\n\n\n<p><strong>ARTICLE 8 &#8211; CONDITIONS DE MODIFICATION DE LA POLITIQUE DE CONFIDENTIALIT\u00c9<\/strong><\/p>\n\n\n\n<p>La pr\u00e9sente politique de confidentialit\u00e9 et de gestion des cookies peut \u00eatre consult\u00e9e \u00e0 tout moment \u00e0 l&rsquo;adresse ci-apr\u00e8s indiqu\u00e9e<\/p>\n\n\n\n<p><a href=\"https:\/\/dorothee-soler.fr\/web\/\" data-type=\"page\" data-id=\"1647\" target=\"_blank\" rel=\"noreferrer noopener\">https:\/\/dorothee-soler.fr\/web\/mentions-legales-et-politique-de-confidentialite\/<\/a><br><br>L&rsquo;\u00e9diteur du site se r\u00e9serve le droit de la modifier afin de garantir sa conformit\u00e9 avec le droit en vigueur.<br>Par cons\u00e9quent, l&rsquo;utilisateur est invit\u00e9 \u00e0 venir consulter r\u00e9guli\u00e8rement cette politique de confidentialit\u00e9 afin de se tenir inform\u00e9 des derniers changements qui lui seront apport\u00e9s.<br>Il est port\u00e9 \u00e0 la connaissance de l&rsquo;utilisateur que la derni\u00e8re mise \u00e0 jour de la pr\u00e9sente politique de confidentialit\u00e9 est intervenue le 23\/09\/2024.<\/p>\n","protected":false},"excerpt":{"rendered":"<p>Qui sommes-nous&nbsp;? L\u2019adresse du site est&nbsp;: https:\/\/dorothee-soler.fr Propri\u00e9taire et responsable de publication : H\u00e9bergeur du site : SAS OVH \u2013 https:\/\/www.ovh.com\/2 rue KellermannBP 8015759100 Roubaix POLITIQUE DE CONFIDENTIALIT\u00c9 DU SITE :Doroth\u00e9e SOLER ARTICLE 1 &#8211; PR\u00c9AMBULE Cette politique de confidentialit\u00e9 s&rsquo;applique au site Doroth\u00e9e SOLER La pr\u00e9sente politique de confidentialit\u00e9 a pour but d&rsquo;exposer aux [&hellip;]<\/p>\n","protected":false},"author":1,"featured_media":0,"parent":0,"menu_order":0,"comment_status":"closed","ping_status":"closed","template":"","meta":{"footnotes":""},"categories":[],"class_list":["post-1092","page","type-page","status-publish","hentry"],"_links":{"self":[{"href":"https:\/\/dorothee-soler.fr\/web\/wp-json\/wp\/v2\/pages\/1092","targetHints":{"allow":["GET"]}}],"collection":[{"href":"https:\/\/dorothee-soler.fr\/web\/wp-json\/wp\/v2\/pages"}],"about":[{"href":"https:\/\/dorothee-soler.fr\/web\/wp-json\/wp\/v2\/types\/page"}],"author":[{"embeddable":true,"href":"https:\/\/dorothee-soler.fr\/web\/wp-json\/wp\/v2\/users\/1"}],"replies":[{"embeddable":true,"href":"https:\/\/dorothee-soler.fr\/web\/wp-json\/wp\/v2\/comments?post=1092"}],"version-history":[{"count":7,"href":"https:\/\/dorothee-soler.fr\/web\/wp-json\/wp\/v2\/pages\/1092\/revisions"}],"predecessor-version":[{"id":4090,"href":"https:\/\/dorothee-soler.fr\/web\/wp-json\/wp\/v2\/pages\/1092\/revisions\/4090"}],"wp:attachment":[{"href":"https:\/\/dorothee-soler.fr\/web\/wp-json\/wp\/v2\/media?parent=1092"}],"wp:term":[{"taxonomy":"category","embeddable":true,"href":"https:\/\/dorothee-soler.fr\/web\/wp-json\/wp\/v2\/categories?post=1092"}],"curies":[{"name":"wp","href":"https:\/\/api.w.org\/{rel}","templated":true}]}}